{"id":82,"date":"2019-02-08T13:58:41","date_gmt":"2019-02-08T12:58:41","guid":{"rendered":"http:\/\/www.letheatrerit.fr\/?page_id=82"},"modified":"2019-02-08T16:05:42","modified_gmt":"2019-02-08T15:05:42","slug":"pieces-jouees","status":"publish","type":"page","link":"http:\/\/www.letheatrerit.fr\/?page_id=82","title":{"rendered":"Pi\u00e8ces jou\u00e9es"},"content":{"rendered":"<p>Depuis sa cr\u00e9ation le Th\u00e9\u00e2trerit a jou\u00e9 un r\u00e9pertoire vari\u00e9 : classique, vaudeville, polici\u00e8re, boulevard, musicale.<\/p>\n","protected":false},"excerpt":{"rendered":"<p>Depuis sa cr\u00e9ation le Th\u00e9\u00e2trerit a jou\u00e9 un r\u00e9pertoire vari\u00e9 : classique,&#8230; <br \/><a class=\"readmore\" href=\"http:\/\/www.letheatrerit.fr\/?page_id=82\">Lire la suite<\/a><\/p>\n","protected":false},"author":1,"featured_media":58,"parent":0,"menu_order":0,"comment_status":"closed","ping_status":"closed","template":"modele_archive.php","meta":{"footnotes":""},"_links":{"self":[{"href":"http:\/\/www.letheatrerit.fr\/index.php?rest_route=\/wp\/v2\/pages\/82"}],"collection":[{"href":"http:\/\/www.letheatrerit.fr\/index.php?rest_route=\/wp\/v2\/pages"}],"about":[{"href":"http:\/\/www.letheatrerit.fr\/index.php?rest_route=\/wp\/v2\/types\/page"}],"author":[{"embeddable":true,"href":"http:\/\/www.letheatrerit.fr\/index.php?rest_route=\/wp\/v2\/users\/1"}],"replies":[{"embeddable":true,"href":"http:\/\/www.letheatrerit.fr\/index.php?rest_route=%2Fwp%2Fv2%2Fcomments&post=82"}],"version-history":[{"count":4,"href":"http:\/\/www.letheatrerit.fr\/index.php?rest_route=\/wp\/v2\/pages\/82\/revisions"}],"predecessor-version":[{"id":128,"href":"http:\/\/www.letheatrerit.fr\/index.php?rest_route=\/wp\/v2\/pages\/82\/revisions\/128"}],"wp:featuredmedia":[{"embeddable":true,"href":"http:\/\/www.letheatrerit.fr\/index.php?rest_route=\/wp\/v2\/media\/58"}],"wp:attachment":[{"href":"http:\/\/www.letheatrerit.fr\/index.php?rest_route=%2Fwp%2Fv2%2Fmedia&parent=82"}],"curies":[{"name":"wp","href":"https:\/\/api.w.org\/{rel}","templated":true}]}}